{"id":2097,"date":"2025-04-29T23:48:10","date_gmt":"2025-04-29T23:48:10","guid":{"rendered":"https:\/\/escouadedesarbres.ca\/product\/evereste-crabapple\/"},"modified":"2025-04-30T00:11:25","modified_gmt":"2025-04-30T00:11:25","slug":"evereste-crabapple","status":"publish","type":"product","link":"https:\/\/escouadedesarbres.ca\/fr\/produit\/evereste-crabapple\/","title":{"rendered":"Evereste crabapple"},"content":{"rendered":"<h3 class=\"\" data-start=\"272\" data-end=\"303\">Latin Name (scientific)<\/h3>\n<p><strong>Malus &#8216;Evereste&#8217;<\/strong><\/p>\n<ul data-start=\"734\" data-end=\"1569\">\n<li class=\"\" data-start=\"834\" data-end=\"932\">\n<p class=\"\" data-start=\"836\" data-end=\"932\"><strong data-start=\"836\" data-end=\"844\">Port<\/strong> : <span class=\"relative -mx-px my-[-0.2rem] rounded px-px py-[0.2rem] transition-colors duration-100 ease-in-out\">Couronne initialement pyramidale, s&#8217;\u00e9largissant avec l&#8217;\u00e2ge. Branches \u00e9tal\u00e9es, parfois l\u00e9g\u00e8rement pendantes.<\/span>\u200b<\/p>\n<\/li>\n<li class=\"\" data-start=\"934\" data-end=\"1037\">\n<p class=\"\" data-start=\"936\" data-end=\"1037\"><strong data-start=\"936\" data-end=\"949\">Feuillage<\/strong> : <span class=\"relative -mx-px my-[-0.2rem] rounded px-px py-[0.2rem] transition-colors duration-100 ease-in-out\">Feuilles vert fonc\u00e9, l\u00e9g\u00e8rement lob\u00e9es, virant au jaune orang\u00e9 \u00e0 l&#8217;automne.<\/span>\u200b<\/p>\n<\/li>\n<li class=\"\" data-start=\"1039\" data-end=\"1142\">\n<p class=\"\" data-start=\"1041\" data-end=\"1142\"><strong data-start=\"1041\" data-end=\"1054\">Floraison<\/strong> : <span class=\"relative -mx-px my-[-0.2rem] rounded px-px py-[0.2rem] transition-colors duration-100 ease-in-out\">Au printemps, abondantes fleurs blanches de 5 \u00e0 6 cm de diam\u00e8tre, s&#8217;ouvrant \u00e0 partir de boutons rose fonc\u00e9. Floraison parfum\u00e9e et mellif\u00e8re.<\/span>\u200b<\/p>\n<\/li>\n<li class=\"\" data-start=\"1144\" data-end=\"1244\">\n<p class=\"\" data-start=\"1146\" data-end=\"1244\"><strong data-start=\"1146\" data-end=\"1156\">Fruits<\/strong> : <span class=\"relative -mx-px my-[-0.2rem] rounded px-px py-[0.2rem] transition-colors duration-100 ease-in-out\">Petites pommes rouge orang\u00e9 \u00e0 rouges, de 2 \u00e0 2,5 cm de diam\u00e8tre, persistantes jusqu&#8217;en hiver.<\/span>\u200b<\/p>\n<\/li>\n<li class=\"\" data-start=\"1246\" data-end=\"1349\">\n<p class=\"\" data-start=\"1248\" data-end=\"1349\"><strong data-start=\"1248\" data-end=\"1261\">Rusticit\u00e9<\/strong> : <span class=\"relative -mx-px my-[-0.2rem] rounded px-px py-[0.2rem] transition-colors duration-100 ease-in-out\">Zones USDA 4 \u00e0 9, adapt\u00e9 aux climats froids et temp\u00e9r\u00e9s.<\/span>\u200b<\/p>\n<\/li>\n<li class=\"\" data-start=\"1351\" data-end=\"1462\">\n<p class=\"\" data-start=\"1353\" data-end=\"1462\"><strong data-start=\"1353\" data-end=\"1374\">Sol et exposition<\/strong> : <span class=\"relative -mx-px my-[-0.2rem] rounded px-px py-[0.2rem] transition-colors duration-100 ease-in-out\">Pr\u00e9f\u00e8re les sols bien drain\u00e9s ; tol\u00e8re une large gamme de pH et d&#8217;expositions.<\/span>\u200b<\/p>\n<\/li>\n<li class=\"\" data-start=\"1464\" data-end=\"1569\">\n<p class=\"\" data-start=\"1466\" data-end=\"1569\"><strong data-start=\"1466\" data-end=\"1481\">Utilisation<\/strong> : <span class=\"relative -mx-px my-[-0.2rem] rounded px-px py-[0.2rem] transition-colors duration-100 ease-in-out\">Arbre ornemental appr\u00e9ci\u00e9 pour sa floraison printani\u00e8re, ses fruits d\u00e9coratifs et sa tol\u00e9rance \u00e0 la pollution urbaine.<\/span>\u200b<\/p>\n<\/li>\n<\/ul>","protected":false},"excerpt":{"rendered":"<p>Latin Name (scientific) Malus &#8216;Evereste&#8217; Port : Couronne initialement pyramidale, s&#8217;\u00e9largissant avec l&#8217;\u00e2ge. Branches \u00e9tal\u00e9es, parfois l\u00e9g\u00e8rement pendantes.\u200b Feuillage : Feuilles vert fonc\u00e9, l\u00e9g\u00e8rement lob\u00e9es, virant au jaune orang\u00e9 \u00e0 l&#8217;automne.\u200b Floraison : Au printemps, abondantes fleurs blanches de 5 \u00e0 6 cm de diam\u00e8tre, s&#8217;ouvrant \u00e0 partir de boutons rose fonc\u00e9. Floraison parfum\u00e9e et [&hellip;]<\/p>","protected":false},"featured_media":2147,"comment_status":"open","ping_status":"closed","template":"","meta":{"_uag_custom_page_level_css":"","site-sidebar-layout":"default","site-content-layout":"","ast-site-content-layout":"default","site-content-style":"default","site-sidebar-style":"default","ast-global-header-display":"","ast-banner-title-visibility":"","ast-main-header-display":"","ast-hfb-above-header-display":"","ast-hfb-below-header-display":"","ast-hfb-mobile-header-display":"","site-post-title":"","ast-breadcrumbs-content":"","ast-featured-img":"","footer-sml-layout":"","ast-disable-related-posts":"","theme-transparent-header-meta":"default","adv-header-id-meta":"","stick-header-meta":"","header-above-stick-meta":"","header-main-stick-meta":"","header-below-stick-meta":"","astra-migrate-meta-layouts":"set","ast-page-background-enabled":"default","ast-page-background-meta":{"desktop":{"background-color":"var(--ast-global-color-4)","background-image":"","background-repeat":"repeat","background-position":"center center","background-size":"auto","background-attachment":"scroll","background-type":"","background-media":"","overlay-type":"","overlay-color":"","overlay-opacity":"","overlay-gradient":""},"tablet":{"background-color":"","background-image":"","background-repeat":"repeat","background-position":"center center","background-size":"auto","background-attachment":"scroll","background-type":"","background-media":"","overlay-type":"","overlay-color":"","overlay-opacity":"","overlay-gradient":""},"mobile":{"background-color":"","background-image":"","background-repeat":"repeat","background-position":"center center","background-size":"auto","background-attachment":"scroll","background-type":"","background-media":"","overlay-type":"","overlay-color":"","overlay-opacity":"","overlay-gradient":""}},"ast-content-background-meta":{"desktop":{"background-color":"var(--ast-global-color-5)","background-image":"","background-repeat":"repeat","background-position":"center center","background-size":"auto","background-attachment":"scroll","background-type":"","background-media":"","overlay-type":"","overlay-color":"","overlay-opacity":"","overlay-gradient":""},"tablet":{"background-color":"var(--ast-global-color-5)","background-image":"","background-repeat":"repeat","background-position":"center center","background-size":"auto","background-attachment":"scroll","background-type":"","background-media":"","overlay-type":"","overlay-color":"","overlay-opacity":"","overlay-gradient":""},"mobile":{"background-color":"var(--ast-global-color-5)","background-image":"","background-repeat":"repeat","background-position":"center center","background-size":"auto","background-attachment":"scroll","background-type":"","background-media":"","overlay-type":"","overlay-color":"","overlay-opacity":"","overlay-gradient":""}}},"product_brand":[],"product_cat":[38,37],"product_tag":[],"class_list":{"0":"post-2097","1":"product","2":"type-product","3":"status-publish","4":"has-post-thumbnail","6":"product_cat-leafy","7":"product_cat-sunny","8":"desktop-align-left","9":"tablet-align-left","10":"mobile-align-left","12":"first","13":"instock","14":"shipping-taxable","15":"product-type-simple"},"aioseo_notices":[],"uagb_featured_image_src":{"full":["https:\/\/escouadedesarbres.ca\/wp-content\/uploads\/2025\/04\/Evereste-crabapple2.jpg",474,474,false],"thumbnail":["https:\/\/escouadedesarbres.ca\/wp-content\/uploads\/2025\/04\/Evereste-crabapple2-150x150.jpg",150,150,true],"medium":["https:\/\/escouadedesarbres.ca\/wp-content\/uploads\/2025\/04\/Evereste-crabapple2-300x300.jpg",300,300,true],"medium_large":["https:\/\/escouadedesarbres.ca\/wp-content\/uploads\/2025\/04\/Evereste-crabapple2.jpg",474,474,false],"large":["https:\/\/escouadedesarbres.ca\/wp-content\/uploads\/2025\/04\/Evereste-crabapple2.jpg",474,474,false],"1536x1536":["https:\/\/escouadedesarbres.ca\/wp-content\/uploads\/2025\/04\/Evereste-crabapple2.jpg",474,474,false],"2048x2048":["https:\/\/escouadedesarbres.ca\/wp-content\/uploads\/2025\/04\/Evereste-crabapple2.jpg",474,474,false],"trp-custom-language-flag":["https:\/\/escouadedesarbres.ca\/wp-content\/uploads\/2025\/04\/Evereste-crabapple2-12x12.jpg",12,12,true],"woocommerce_thumbnail":["https:\/\/escouadedesarbres.ca\/wp-content\/uploads\/2025\/04\/Evereste-crabapple2-300x300.jpg",300,300,true],"woocommerce_single":["https:\/\/escouadedesarbres.ca\/wp-content\/uploads\/2025\/04\/Evereste-crabapple2.jpg",474,474,false],"woocommerce_gallery_thumbnail":["https:\/\/escouadedesarbres.ca\/wp-content\/uploads\/2025\/04\/Evereste-crabapple2-100x100.jpg",100,100,true]},"uagb_author_info":{"display_name":"Nicolas Desjardins","author_link":"https:\/\/escouadedesarbres.ca\/fr\/author\/"},"uagb_comment_info":0,"uagb_excerpt":"Latin Name (scientific) Malus &#8216;Evereste&#8217; Port : Couronne initialement pyramidale, s&#8217;\u00e9largissant avec l&#8217;\u00e2ge. Branches \u00e9tal\u00e9es, parfois l\u00e9g\u00e8rement pendantes.\u200b Feuillage : Feuilles vert fonc\u00e9, l\u00e9g\u00e8rement lob\u00e9es, virant au jaune orang\u00e9 \u00e0 l&#8217;automne.\u200b Floraison : Au printemps, abondantes fleurs blanches de 5 \u00e0 6 cm de diam\u00e8tre, s&#8217;ouvrant \u00e0 partir de boutons rose fonc\u00e9. Floraison parfum\u00e9e et&hellip;","_links":{"self":[{"href":"https:\/\/escouadedesarbres.ca\/fr\/wp-json\/wp\/v2\/product\/2097","targetHints":{"allow":["GET"]}}],"collection":[{"href":"https:\/\/escouadedesarbres.ca\/fr\/wp-json\/wp\/v2\/product"}],"about":[{"href":"https:\/\/escouadedesarbres.ca\/fr\/wp-json\/wp\/v2\/types\/product"}],"replies":[{"embeddable":true,"href":"https:\/\/escouadedesarbres.ca\/fr\/wp-json\/wp\/v2\/comments?post=2097"}],"wp:featuredmedia":[{"embeddable":true,"href":"https:\/\/escouadedesarbres.ca\/fr\/wp-json\/wp\/v2\/media\/2147"}],"wp:attachment":[{"href":"https:\/\/escouadedesarbres.ca\/fr\/wp-json\/wp\/v2\/media?parent=2097"}],"wp:term":[{"taxonomy":"product_brand","embeddable":true,"href":"https:\/\/escouadedesarbres.ca\/fr\/wp-json\/wp\/v2\/product_brand?post=2097"},{"taxonomy":"product_cat","embeddable":true,"href":"https:\/\/escouadedesarbres.ca\/fr\/wp-json\/wp\/v2\/product_cat?post=2097"},{"taxonomy":"product_tag","embeddable":true,"href":"https:\/\/escouadedesarbres.ca\/fr\/wp-json\/wp\/v2\/product_tag?post=2097"}],"curies":[{"name":"wp","href":"https:\/\/api.w.org\/{rel}","templated":true}]}}

<h3 class="" data-start="272" data-end="303">Latin Name (scientific)</h3>
<p><strong>Malus &#8216;Evereste&#8217;</strong></p>
<ul data-start="734" data-end="1569">
<li class="" data-start="834" data-end="932">
<p class="" data-start="836" data-end="932"><strong data-start="836" data-end="844">Port</strong> : <span class="relative -mx-px my-[-0.2rem] rounded px-px py-[0.2rem] transition-colors duration-100 ease-in-out">Couronne initialement pyramidale, s&#8217;élargissant avec l&#8217;âge. Branches étalées, parfois légèrement pendantes.</span>​</p>
</li>
<li class="" data-start="934" data-end="1037">
<p class="" data-start="936" data-end="1037"><strong data-start="936" data-end="949">Feuillage</strong> : <span class="relative -mx-px my-[-0.2rem] rounded px-px py-[0.2rem] transition-colors duration-100 ease-in-out">Feuilles vert foncé, légèrement lobées, virant au jaune orangé à l&#8217;automne.</span>​</p>
</li>
<li class="" data-start="1039" data-end="1142">
<p class="" data-start="1041" data-end="1142"><strong data-start="1041" data-end="1054">Floraison</strong> : <span class="relative -mx-px my-[-0.2rem] rounded px-px py-[0.2rem] transition-colors duration-100 ease-in-out">Au printemps, abondantes fleurs blanches de 5 à 6 cm de diamètre, s&#8217;ouvrant à partir de boutons rose foncé. Floraison parfumée et mellifère.</span>​</p>
</li>
<li class="" data-start="1144" data-end="1244">
<p class="" data-start="1146" data-end="1244"><strong data-start="1146" data-end="1156">Fruits</strong> : <span class="relative -mx-px my-[-0.2rem] rounded px-px py-[0.2rem] transition-colors duration-100 ease-in-out">Petites pommes rouge orangé à rouges, de 2 à 2,5 cm de diamètre, persistantes jusqu&#8217;en hiver.</span>​</p>
</li>
<li class="" data-start="1246" data-end="1349">
<p class="" data-start="1248" data-end="1349"><strong data-start="1248" data-end="1261">Rusticité</strong> : <span class="relative -mx-px my-[-0.2rem] rounded px-px py-[0.2rem] transition-colors duration-100 ease-in-out">Zones USDA 4 à 9, adapté aux climats froids et tempérés.</span>​</p>
</li>
<li class="" data-start="1351" data-end="1462">
<p class="" data-start="1353" data-end="1462"><strong data-start="1353" data-end="1374">Sol et exposition</strong> : <span class="relative -mx-px my-[-0.2rem] rounded px-px py-[0.2rem] transition-colors duration-100 ease-in-out">Préfère les sols bien drainés ; tolère une large gamme de pH et d&#8217;expositions.</span>​</p>
</li>
<li class="" data-start="1464" data-end="1569">
<p class="" data-start="1466" data-end="1569"><strong data-start="1466" data-end="1481">Utilisation</strong> : <span class="relative -mx-px my-[-0.2rem] rounded px-px py-[0.2rem] transition-colors duration-100 ease-in-out">Arbre ornemental apprécié pour sa floraison printanière, ses fruits décoratifs et sa tolérance à la pollution urbaine.</span>​</p>
</li>
</ul>

<p>Latin Name (scientific) Malus &#8216;Evereste&#8217; Port : Couronne initialement pyramidale, s&#8217;élargissant avec l&#8217;âge. Branches étalées, parfois légèrement pendantes.​ Feuillage : Feuilles vert foncé, légèrement lobées, virant au jaune orangé à l&#8217;automne.​ Floraison : Au printemps, abondantes fleurs blanches de 5 à 6 cm de diamètre, s&#8217;ouvrant à partir de boutons rose foncé. Floraison parfumée et [&hellip;]</p>

Latin Name (scientific) Malus &#8216;Evereste&#8217; Port : Couronne initialement pyramidale, s&#8217;élargissant avec l&#8217;âge. Branches étalées, parfois légèrement pendantes.​ Feuillage : Feuilles vert foncé, légèrement lobées, virant au jaune orangé à l&#8217;automne.​ Floraison : Au printemps, abondantes fleurs blanches de 5 à 6 cm de diamètre, s&#8217;ouvrant à partir de boutons rose foncé. Floraison parfumée et&hellip;
